1d
13834652 (base 9) to base 2
11010001101111011110000
What is -11222121303 (base 4) in base 16?
-16a673
Convert -1020212222101 (base 3) to base 5.
-132321033
What is 292665 (base 10) in base 11?
18a97a
What is -1210202021 (base 5) in base 6?
-140230551
What is -27325a (base 11) in base 5?
-102211024
Convert 46006 (base 9) to base 10.
30624
-6a7630 (base 14) to base 5
-1412202110
Convert -3220220422 (base 5) to base 13.
-1543231
64247561 (base 8) to base 16
d14f71
What is -181063 (base 9) in base 8?
-333303
65130b (base 14) to base 15
47907c
Convert 2121120010011 (base 3) to base 7.
14543032
What is -136950 (base 11) in base 5?
-23322404
What is 4ce229 (base 16) in base 12?
182ba61
-11ecc (base 15) to base 14
-16c7c
What is 1001220120200 (base 3) in base 15?
b3913
What is 1625d67 (base 15) in base 7?
253401355
-a346b (base 13) to base 12
-12165a
What is 45914 (base 13) in base 7?
1035404
-4426262 (base 7) to base 12
-223362
1454454 (base 7) to base 9
332243
13995a3 (base 11) to base 10
2399180
What is -1024b9 (base 14) in base 9?
-1018522
Convert -55a12 (base 13) to base 7.
-1215224
150215331 (base 6) to base 11
18260a4
Convert 100111010000011101110 (base 2) to base 8.
4720356
What is -1cd04 (base 16) in base 4?
-130310010
1463324 (base 7) to base 11
127692
Convert 268717 (base 11) to base 4.
1212321111
Convert 52600 (base 12) to base 3.
12111011000
What is 36a6 (base 16) in base 8?
33246
What is -251b6c (base 16) in base 2?
-1001010001101101101100
Convert 58914 (base 16) to base 10.
362772
54200240 (base 7) to base 15
61476b
-140f9f (base 16) to base 4
-11000332133
64073 (base 10) to base 6
1212345
What is -6495b7 (base 14) in base 13?
-923663
What is -babb9a (base 12) in base 14?
-572898
What is -1040461 (base 7) in base 13?
-46051
Convert -24060467 (base 8) to base 10.
-5267767
Convert 305ad (base 14) to base 2.
11100011010011101
46808 (base 16) to base 5
33220101
-b86025 (base 15) to base 3
-121111222201022
a4916 (base 11) to base 5
14342330
Convert 13101140312 (base 5) to base 4.
331023101131
Convert -5779616 (base 10) to base 14.
-aa63ba
Convert -10111111111100111011011 (base 2) to base 8.
-27774733
What is -17346266 (base 8) in base 12?
-1433986
Convert 41425311 (base 6) to base 9.
2230767
Convert 10c5f (base 16) to base 2.
10000110001011111
What is 12300202201 (base 5) in base 13?
30cc47b
-2221225 (base 6) to base 9
-180268
Convert 11012000211 (base 3) to base 2.
10100000111011111
-20065 (base 16) to base 3
-20122221021
-161020236 (base 7) to base 5
-10233004020
Convert -13501 (base 6) to base 11.
-1662
133033214 (base 5) to base 9
1236723
Convert -4425e (base 15) to base 8.
-646733
What is -10330240 (base 5) in base 2?
-10101110101100101
-89121 (base 10) to base 3
-11112020210
-41fb65 (base 16) to base 8
-20375545
Convert -14310104 (base 5) to base 15.
-2e989
-34230125 (base 6) to base 10
-1045925
-1714557 (base 10) to base 7
-20400465
What is -68ad0 (base 16) in base 6?
-13104544
What is 414552 (base 6) in base 5?
2032401
Convert -263463 (base 8) to base 16.
-16733
What is -30764603 (base 8) in base 11?
-3772545
Convert -121120010112211 (base 3) to base 16.
-864a78
Convert -18463 (base 13) to base 4.
-23130232
Convert 2b5848 (base 13) to base 9.
2008538
-2106427 (base 9) to base 15
-173c54
Convert 35031143 (base 6) to base 5.
233433010
What is 374427 (base 10) in base 7?
3116424
-11011212122112 (base 3) to base 9
-4155575
What is -592652 (base 13) in base 6?
-113230045
Convert -10100000010000101001111 (base 2) to base 16.
-50214f
What is -13231102221 (base 4) in base 2?
-111101101010010101001
What is 23310020 (base 5) in base 7?
1545246
Convert 44500133 (base 6) to base 16.
148719
43401 (base 16) to base 5
32303312
What is 2ddb8b (base 15) in base 5?
1032121411
Convert -42111 (base 15) to base 11.
-133437
-110203113 (base 4) to base 7
-500301
-201210101022 (base 3) to base 13
-108416
Convert -63288c (base 15) to base 10.
-4716807
What is 551235 (base 7) in base 3?
11220101100
Convert 1114223443 (base 5) to base 3.
11200121220010
-1a97 (base 13) to base 2
-111110101011
What is -94222 (base 11) in base 6?
-2535531
-69b9 (base 16) to base 6
-325145
What is 3221a29 (base 12) in base 4?
210033122001
Convert -101212231232 (base 4) to base 16.
-466b6e
Convert 2d3b7 (base 15) to base 11.
9a742
Convert 174724 (base 8) to base 15.
13e3b
What is -9b9a5 (base 12) in base 5?
-23111203
13636636 (base 9) to base 11
38a5006
12b391 (base 16) to base 11
767908
Convert -3700745 (base 8) to base 14.
-1c6525
What is -210021200202 (base 3) in base 12?
-182548
Convert -23737 (base 9) to base 15.
-4aaa
What is 6aa4a (base 15) in base 8?
1227554
Convert 41c9cc (base 14) to base 12.
8b3460
302097 (base 11) to base 5
111022141
What is -441477 (base 9) in base 11?
-170023
3213011211 (base 4) to base 8
3470545
Convert 10111201320 (base 4) to base 13.
30a551
What is -2123202132 (base 4) in base 2?
-10011011100010011110
What is -32070a6 (base 11) in base 7?
-65664164
-9f28c (base 16) to base 10
-651916
Convert -2d3da (base 15) to base 14.
-3b2cd
Convert -1012638 (base 9) to base 2.
-10000011110101001101
What is -336245 (base 7) in base 13?
-212c0
-36627 (base 13) to base 16
-18648
33bc53 (base 16) to base 4
30323301103
What is 587b9 (base 14) in base 5?
23344232
What is -4304000231 (base 5) in base 9?
-18018056
Convert -1022020 (base 6) to base 16.
-c21c
-3346563 (base 8) to base 9
-1627740
What is -713114 (base 8) in base 13?
-83005
Convert 110200111020 (base 3) to base 5.
30442200
Convert -201201014 (base 5) to base 6.
-25114443
-10112022111120 (base 3) to base 5
-440013313
Convert 3141700 (base 8) to base 7.
10052622
What is 301201020 (base 4) in base 12?
99460
Convert 31344 (base 13) to base 7.
515565
What is 8929a (base 11) in base 4?
133212302
What is -1101110001111100 (base 2) in base 3?
-2212102112
Convert -46625 (base 11) to base 12.
-32b47
-216711 (base 8) to base 11
-4aa70
Convert -677761 (base 8) to base 2.
-110111111111110001
3236952 (base 11) to base 7
66235312
Convert 1202451 (base 7) to base 3.
21201202100
1100000101101001 (base 2) to base 5
3041023
412031 (base 8) to base 9
226762
Convert 31123132121 (base 4) to base 16.
35b799
Convert 21221011001000 (base 3) to base 2.
10000000101000101000001
-18887d (base 16) to base 6
-54243313
What is -21302303301 (base 4) in base 2?
-1001110010110011110001
73c2c (base 13) to base 15
41c09
Convert 2201110413 (base 5) to base 3.
22212010202201
What is -5050769 (base 10) in base 4?
-103101012101
Convert -320121311 (base 5) to base 10.
-1332706
Convert -5741a3 (base 16) to base 14.
-a8bd99
Convert 53a1a9 (base 12) to base 7.
14152554
Convert -11121101110 (base 3) to base 6.
-1535450
Convert 235931 (base 10) to base 9.
388565
Convert -12233650 (base 8) to base 16.
-2937a8
What is -18540a (base 14) in base 3?
-1121200020111
1113002220 (base 6) to base 8
56350504
Convert 20525303 (base 6) to base 2.
10010011000110100111
-51214603 (base 8) to base 15
-e3adb6
-10121330 (base 5) to base 16
-1431b
What is 1110001010110101100 (base 2) in base 8?
1612654
Convert 92d74d (base 14) to base 5.
2232014421
-2398900 (base 13) to base 4
-222020030323
What is -541b6c (base 16) in base 15?
-73d2e9
Convert -24504050 (base 6) to base 5.
-200130040
What is 4819c (base 16) in base 6?
10155124
Convert 10010001111001111 (base 2) to base 14.
1d31d
Convert 22110001012 (base 3) to base 9.
273035
Convert 4411221312 (base 5) to base 12.
3210089
11120210111 (base 4) to base 2
101011000100100010101
25523 (base 9) to base 7
101061
Convert 110001100010101010 (base 2) to base 10.
202922
Convert -a76ba (base 13) to base 9.
-510428
What is -15cee (base 15) in base 10?
-70424
Convert -3734738 (base 12) to base 16.
-a4561c
9e4e6 (base 15) to base 2
1111011000010110111
Convert -35517 (base 11) to base 15.
-10286
Convert -16557362 (base 8) to base 7.
-44536200
-665908 (base 12) to base 2
-110001101010011011000
Convert -100111000110100111001 (base 2) to base 12.
-519621
What is -23402123 (base 5) in base 12?
-a4b49
12a533 (base 14) to base 13
19695b
-322212133 (base 6) to base 3
-101202001210010
3131d3 (base 14) to base 13
461a5b
Convert 3768dc (base 15) to base 9.
4885570
What is -11111220122200 (base 3) in base 5?
-1103241431
What is 4443134 (base